is divided by v?
2
Let i = -2684 - -2715. Calculate the remainder when 525 is divided by i.
29
Suppose -5*j - 455 + 162 = -x, j = -x + 263. Calculate the remainder when x is divided by 20.
8
Let l = 17784 - 17695. Calculate the remainder when 138 is divided by l.
49
Let n be (-9)/(5 + -2) - 3. What is the remainder when 4/n + 220/15 is divided by 9951/1953 - 4/42?
4
Let n(j) = -j**3 - j**2 + 55*j + 71. Calculate the remainder when 194 is divided by n(-8).
36
Suppose -6 = -13*p + 267. Suppose -3*y = -99 - p. Calculate the remainder when 144 is divided by y.
24
Suppose -155*u + 57485 + 7257 = -8108. What is the remainder when u is divided by 115?
10
Let h be 28/2*(-12)/(-12). Let q(d) = d**3 - 13*d**2 - 17*d - 29. Let p be q(h). Let i = 99 + p. Calculate the remainder when i is divided by 10.
8
Suppose 43*t - 5*q = 39*t + 1113, t - 2*q = 282. Suppose -t = -12*l + 268. What is the remainder when 217 is divided by l?
37
Suppose 3*m - 2606 + 464 = 0. Calculate the remainder when m is divided by 236.
6
Let f = -280595 - -280600. Let j(p) = p**3 - 5*p**2 + 3*p - 6. What is the remainder when j(5) is divided by f?
4
Suppose 69 + 35 = 4*m. Let l = -38 + m. Let j(q) = -q**3 - 11*q**2 + 12*q + 4. Calculate the remainder when 28 is divided by j(l).
0
Let t(h) = 30*h + 1055. Calculate the remainder when t(-29) is divided by 47.
44
Suppose 0 = 2*f + 2*a - 1 - 7, 5*f + 2*a = 35. Suppose 0 = 5*m - 19 + f. Suppose -m*i + 0*i = -66. What is the remainder when 164 is divided by i?
32
Let c(s) = -6*s + 3. Let r be (-5 - -2) + -3 - 4. What is the remainder when c(r) is divided by 17?
12
Suppose -353 = 3*p - 62. Let o = 135 + p. Calculate the remainder when o is divided by 26.
12
Let h(d) = d. Let j be h(11). Suppose -2*i + 5*t = -j, -3*i - 2*t + 0*t = -7. What is the remainder when 10 is divided by (-6)/(-8)*(5 + i)?
4
Let r = 19 - 13. Suppose -r*i + 31 + 161 = 0. Suppose -a = a - i. Calculate the remainder when 31 is divided by a.
15
Suppose 2*x + 2*u - 45 - 31 = 0, 4*x + 3*u = 154. What is the remainder when x is divided by 0 + (-35)/21 - (1 - 34/6)?
1
Suppose 0 = -4*u - c - 197, 5*u + c - 111 = -356. Let k = -44 - u. Suppose k*n - 197 = -q, -239 = -5*n + q + 5. What is the remainder when n is divided by 25?
24
What is the remainder when -9 + 0/9 - 1866/(-2) is divided by 91?
14
Suppose -1495 = -193*z + 170*z. Suppose 810 = z*g + 25*g. Suppose 44 = -d + 2*d. What is the remainder when d is divided by g?
8
Suppose 80 = 3*b - 2*l, -2*l + 66 = 5*b - 46. What is the remainder when (b/(-30))/((-4)/170) is divided by 12?
10
Let l(y) = -y**2 + 25*y + 76. Let c(q) = -q**2 - 7*q + 19. What is the remainder when l(22) is divided by c(-8)?
10
Let m(j) = 716*j + 2920. Calculate the remainder when m(-4) is divided by 1.
0
Let u(g) be the first derivative of -g**3/3 + 12*g**2 - 86*g - 85. What is the remainder when 163 is divided by u(17)?
31
Let d(b) = -27*b - 243. Let h be d(-10). Suppose 14*p = h*p - 4654. Calculate the remainder when p is divided by 45.
43
Let a(p) = -p**3 - 7*p**2 - 10*p - 15. Let t = -2 + 24. What is the remainder when t is divided by a(-6)?
4
Suppose -1743 = 12*u + 369. Let a = -65 - u. What is the remainder when a is divided by 56?
55
Let b be (4 - 4) + 8/(-4). Let o be -6*-6*(-12)/54. What is the remainder when 66 is divided by (-3 - (4 + o))*19 + b?
15
Suppose 0*v = -v + 5*r - 10, 3*v = -3*r + 60. Let f = v + -15. Suppose 3*q - 15 - 3 = f. What is the remainder when 11 is divided by q?
5
Let a = -16650 + 17071. Calculate the remainder when a is divided by 160.
101
Let u be (-98)/7*2/(-1). Suppose -w - 3*j = -19, u*w - j - 37 = 24*w. Calculate the remainder when 39 is divided by w.
9
Let v = -12 - -17. Suppose 2 = -z + v. Calculate the remainder when ((-5)/(-20))/(z/372) is divided by 8.
7
Let z be 6/9 + (-49)/(-3). Suppose 39 = -z*j + 379. Calculate the remainder when 54 is divided by j.
14
Let b be 147/(-21)*(-2)/(-7). Let u(o) = -35*o + 2. Let j be u(b). Calculate the remainder when -4*1 + -3 + j + -3 is divided by 9.
8
Let s(n) be the third derivative of -1/120*n**6 + 7*n**2 + 5/3*n**3 + 0 + 0*n + 3/20*n**5 - 5/24*n**4. What is the remainder when s(6) is divided by 18?
16
Suppose 0 = 2531*p - 381*p - 165550. Calculate the remainder when (-915)/(-6) - 1/2 is divided by p.
75
Let b(c) = -10*c + 3. Let v = 923551 - 923461. What is the remainder when v is divided by b(-5)?
37
Let n be 1/((-4)/68)*-1. Suppose 20*u = n*u + 27. Suppose -w + 38 = -3*p, 0 = 3*w - 2*p - 60 - 19. What is the remainder when w is divided by u?
5
Let m(h) = 4*h**2 - 7*h + 4. Suppose -55*k + 4 = -54*k. What is the remainder when m(k) is divided by 6?
4
Let s(y) be the first derivative of -7*y**2 - 5*y + 3. Let d = -253 + 263. Calculate the remainder when s(-3) is divided by d.
7
Let z(p) = 36*p**2 + 11*p + 1. Let a be z(4). Suppose 412 = 2*s + 4*c, 0 = 65*s - 68*s - 3*c + a. Calculate the remainder when s is divided by 44.
32
Let s = 1 - -19. Let x(t) = 2*t**3 + 25*t**2 + 118*t + 1348. What is the remainder when x(-12) is divided by s?
16
Let b = 197 - 146. Suppose -b*q + 1496 = -34*q. Calculate the remainder when q is divided by 7.
4
Suppose -3*l - 94 + 448 = 0. Suppose -29 = 4*o + 235. Let p = l + o. Calculate the remainder when p is divided by 19.
14
Let d = -739 - -687. Let o = 33 + 26. Let q = o + d. Calculate the remainder when q is divided by 5.
2
Suppose -19*x - 4*z = -17*x - 542, -4*z - 1108 = -4*x. Calculate the remainder when x is divided by 27.
5
Let k(p) = 2*p**3 - 2*p**2 + 6*p + 6. Let c(v) = -2*v**3 + v**2 - 5*v - 6. Let q(i) = -4*c(i) - 3*k(i). Calculate the remainder when 33 is divided by q(0).
3
Let c(q) = q**2 - 15*q + 44. Let d be c(9). What is the remainder when (-2)/((-4)/d) + 30 is divided by ((-20)/6)/((-1)/3)?
5
Let i(x) = 4*x**2 - 276*x - 1639. Calculate the remainder when 344 is divided by i(-6).
22
Let s = -6579 + 8096. What is the remainder when s is divided by 377?
9
Suppose 5*b + 5*i = 105, -2*i - 15 = -b + 3*i. Let d = 616547 + -616448. What is the remainder when d is divided by b?
19
Suppose c - 2*r = 14, 0 = 4*c - r + 2*r - 92. Suppose 3268 = v + 35*v + 2*v. Calculate the remainder when v is divided by c.
20
Suppose 30 - 37 = -v. Suppose -8*z - v*z - 3855 = 0. Let m = 429 + z. What is the remainder when m is divided by 25?
22
Suppose 53551*p + 864 = 53557*p. What is the remainder when 598 is divided by p?
22
Suppose -48*j + 45*j = f - 524, 2*f + 4*j = 1064. Calculate the remainder when f is divided by 139.
131
Suppose -t + 8*t = 798. Calculate the remainder when t/(-22) + 5 + 17784/44 is divided by 45.
44
What is the remainder when 12/(-36)*1*-2532 is divided by 134?
40
Let r(q) = -92*q - 83*q - 5 + 152*q + 2*q**2. Let k be r(7). Let f = k + 120. What is the remainder when f is divided by 28?
24
Suppose -2583 = 34*c - 9689. What is the remainder when c is divided by 14?
13
Let k(m) = -2*m**3 + 27*m**2 + 15*m - 2. Let d be k(14). Suppose -d*i + 1012 = -i. Calculate the remainder when i is divided by 49.
43
Suppose -5*c + 1709 = -131. Suppose p - c = -p. Suppose -42*x + p = -38*x. Calculate the remainder when x is divided by 7.
4
Suppose -5*t = 236*l - 233*l - 545, 5*l - 904 = -4*t. What is the remainder when l is divided by 47?
39
Let s = -124 + 128. Suppose 4*h - 2*n - 14 = 0, -2*n + 26 = -0*h + s*h. Calculate the remainder when 16 is divided by h.
1
Suppose 4*j = -2*w + 896, -5*j + 5*w + 738 + 427 = 0. What is the remainder when j is divided by 13?
6
Let l be 272/60*3 - (-4)/10. Suppose -10*j = -l*j + 172. Suppose 32 = 4*f - 4. Calculate the remainder when j is divided by f.
7
Calculate the remainder when 122 is divided by (-22)/10 + (-116)/870 + (-508)/(-12).
2
Let b(n) = 12*n - 3*n**2 - 6440 + 4*n**2 + 6421. Calculate the remainder when b(6) is divided by 47.
42
Let l = -2675 - -2749. Suppose 3*z = -48 - 117. Let i = l + z. What is the remainder when i is divided by 11?
8
Suppose 0 = 4*a + 2*a - 72. Let z(n) = -n**3 - 16*n**2 - 4*n - 62. What is the remainder when a is divided by z(-16)?
0
Let w(v) = -v**3 + 7*v**2 + 9*v - 8. Let s be w(8). Suppose -3*p = 5*o - 92, s = 14*o - 13*o - 1. What is the remainder when 229 is divided by p?
26
Let u(g) = -7*g + 77. Let m be u(11). Suppose m = 2*p - 2*r - 569 - 115, 2*p + 2*r - 684 = 0. What is 